d by 74.
73
Calculate the remainder when 1537191 is divided by 768585.
21
Calculate the remainder when 2097392 is divided by 339.
338
What is the remainder when 142226594 is divided by 100?
94
What is the remainder when 25302 is divided by 930?
192
What is the remainder when 1151020 is divided by 783?
10
What is the remainder when 99540 is divided by 2030?
70
Calculate the remainder when 4138026 is divided by 17.
5
What is the remainder when 78682204 is divided by 39341092?
20
Calculate the remainder when 36816 is divided by 9196.
32
Calculate the remainder when 53365 is divided by 1690.
975
Calculate the remainder when 22131 is divided by 2765.
11
What is the remainder when 296180 is divided by 16453?
26
What is the remainder when 166670 is divided by 1300?
270
Calculate the remainder when 88605 is divided by 43092.
2421
What is the remainder when 12659128 is divided by 23?
20
What is the remainder when 17067823 is divided by 533369?
15
Calculate the remainder when 4787902 is divided by 91.
28
What is the remainder when 692478 is divided by 62950?
28
What is the remainder when 5049 is divided by 4225?
824
Calculate the remainder when 61528116 is divided by 101.
27
What is the remainder when 111376138 is divided by 167?
164
Calculate the remainder when 99801274 is divided by 6.
4
What is the remainder when 226429457 is divided by 170?
167
Calculate the remainder when 24690500 is divided by 3086295.
140
What is the remainder when 673806 is divided by 56?
14
What is the remainder when 503342 is divided by 13603?
31
Calculate the remainder when 141892 is divided by 563.
16
What is the remainder when 7443294 is divided by 808?
806
What is the remainder when 25146710 is divided by 74619?
107
Calculate the remainder when 208034164 is divided by 185.
184
Calculate the remainder when 914098 is divided by 531.
247
Calculate the remainder when 213541133 is divided by 820.
13
Calculate the remainder when 12083137 is divided by 4027704.
25
What is the remainder when 649655 is divided by 2337?
2306
What is the remainder when 110272 is divided by 499?
492
Calculate the remainder when 38602062 is divided by 2246.
60
Calculate the remainder when 69028 is divided by 1237.
993
What is the remainder when 233167620 is divided by 27?
21
Calculate the remainder when 5421269 is divided by 45555.
224
Calculate the remainder when 242345 is divided by 242201.
144
Calculate the remainder when 352242 is divided by 352145.
97
Calculate the remainder when 3656247 is divided by 547.
99
Calculate the remainder when 309371 is divided by 1589.
1105
What is the remainder when 242580 is divided by 53?
52
What is the remainder when 274069 is divided by 1133?
1016
Calculate the remainder when 8891549 is divided by 16.
13
Calculate the remainder when 70003524 is divided by 10218.
6
Calculate the remainder when 7124150 is divided by 2715.
2705
Calculate the remainder when 311946 is divided by 155880.
186
What is the remainder when 179727735 is divided by 334?
331
Calculate the remainder when 27221495 is divided by 6805354.
79
What is the remainder when 761436 is divided by 181?
150
Calculate the remainder when 19962465 is divided by 695.
675
Calculate the remainder when 4055708 is divided by 1761.
125
Calculate the remainder when 1017990 is divided by 254349.
594
Calculate the remainder when 272098049 is divided by 285.
284
What is the remainder when 6884707 is divided by 10527?
49
What is the remainder when 18969 is divided by 3934?
3233
Calculate the remainder when 5434102 is divided by 59.
25
What is the remainder when 211429 is divided by 2858?
2795
Calculate the remainder when 1020730 is divided by 634.
624
What is the remainder when 17441 is divided by 2791?
695
What is the remainder when 24066902 is divided by 94?
82
What is the remainder when 8551616 is divided by 180?
176
Calculate the remainder when 69303625 is divided by 28.
13
What is the remainder when 309893 is divided by 2551?
1222
Calculate the remainder when 9678208 is divided by 1382600.
8
What is the remainder when 12155191 is divided by 14036?
15
Calculate the remainder when 60226 is divided by 4114.
2630
What is the remainder when 24863367 is divided by 2256?
2247
What is the remainder when 2578548 is divided by 13?
11
Calculate the remainder when 680768833 is divided by 6095.
6093
What is the remainder when 7911203 is divided by 3955337?
529
What is the remainder when 123256 is divided by 24607?
221
What is the remainder when 36659736 is divided by 18329853?
30
Calculate the remainder when 1915099 is divided by 59807.
1275
What is the remainder when 191571463 is divided by 59?
56
Calculate the remainder when 1677422 is divided by 838687.
48
Calculate the remainder when 285073 is divided by 32.
17
What is the remainder when 127352 is divided by 11548?
324
Calculate the remainder when 20798681 is divided by 6.
5
What is the remainder when 9606186 is divided by 34?
30
What is the remainder when 39730225 is divided by 5238?
5233
What is the remainder when 252224 is divided by 3872?
544
Calculate the remainder when 9226 is divided by 7376.
1850
What is the remainder when 264199 is divided by 29340?
139
Calculate the remainder when 23374 is divided by 5835.
34
What is the remainder when 19063884 is divided by 4765970?
4
What is the remainder when 74415800 is divided by 14883158?
10
What is the remainder when 420272 is divided by 6364?
248
What is the remainder when 32903 is divided by 32237?
666
Calculate the remainder when 39512698 is divided by 490.
78
Calculate the remainder when 57005 is divided by 28355.
295
Calculate the remainder when 60781671 is divided by 20260556.
3
What is the remainder when 188625 is divided by 5096?
73
Calculate the remainder when 13496610 is divided by 6748288.
34
What is the remainder when 60940 is divided by 588?
376
Calculate the remainder when 202550 is divided by 33608.
902
What is the remainder when 21903726 is divided by 322?
320
Calculate the remainder when 10842414 is divided by 107.
104
Calculate the remainder when 1437536 is divided by 15797.
9
Calculate the remainder when 188593 is divided by 19.
18
What is the remainder when 95910304 is divided by 6100?
4
What is the remainder when 40218534 is divided by 893745?
9
Calculate the remainder when 269092 is divided by 2280.
52
Calculate the remainder when 749484 is divided by 163.
10
Calculate the remainder when 117499873 is divided by 49.
29
Calculate the remainder when 71155 is divided by 578.
61
What is the remainder when 54727114 is divided by 19?
8
What is the remainder when 54387 is divided by 4943?
14
What is the remainder when 31496581 is divided by 403802?
25
Calculate the remainder when 56478 is divided by 8008.
422
What is the remainder when 2389328 is divided by 12453?
10805
Calculate the remainder when 14512 is divided by 4048.
2368
Calculate the remainder when 794996 is divided by 82.
6
Calculate the remainder when 488347182 is divided by 465.
462
Calculate the remainder when 572788 is divided by 1095.
103
What is the remainder when 1096886 is divided by 479?
455
What is the remainder when 11506182 is divided by 416?
38
Calculate the remainder when 9507358 is divided by 290.
288
What is the remainder when 73867852 is divided by 222?
16
What is the remainder when 1192011 is divided by 1192009?
2
Calculate the remainder when 141925 is divided by 15695.
670
What is the remainder when 242717 is divided by 1234?
853
Calculate the remainder when 1472504 is divided by 1580.
1524
Calculate the remainder when 404667 is divided by 200404.
3859
Calculate the remainder when 10232821 is divided by 256.
245
What is the remainder when 614291 is divided by 22233?
14000
What is the remainder when 182728 is divided by 4832?
3944
What is the remainder when 18071319 is divided by 101?
96
Calculate the remainder when 16381216 is divided by 9126.
46
Calculate the remainder when 18001403 is divided by 702.
17
What is the remainder when 9697883 is divided by 315?
293
Calculate the remainder when 1300823 is divided by 1173.
1139
What is the remainder when 23823 is divided by 2590?
513
What is the remainder when 55484551 is divided by 11209?
1
What is the remainder when 4012650 is divided by 1446?
0
Calculate the remainder when 2065532